a
In base 10, what is 4 - -475241?
475245
In base 16, what is -25 - f05?
-f2a
In base 4, what is 1 + 213022122?
213022123
In base 7, what is 30531 + -3?
30525
In base 7, what is 1 - -23060?
23061
In base 7, what is -4105 - 515?
-4623
In base 4, what is 103011312002 + 0?
103011312002
In base 15, what is a - -2525?
2530
In base 4, what is -3 - 112031022?
-112031031
In base 13, what is -5a04b + -3?
-5a051
In base 16, what is -1e6 + -53?
-239
In base 5, what is 1 + 32042131?
32042132
In base 15, what is dd6 - 1c?
db9
In base 7, what is -202062 + 101?
-201661
In base 13, what is -364243 + -4?
-364247
In base 4, what is 131221 - 23323?
101232
In base 15, what is -11e28 - 1a?
-11e43
In base 13, what is -2966 - 4?
-296a
In base 7, what is 265522 - -3?
265525
In base 3, what is -12 - -2001111202110?
2001111202021
In base 11, what is -1610 + -6?
-1616
In base 9, what is 5 - -1431871?
1431876
In base 9, what is 6645 - 318?
6326
In base 9, what is -50238 + 1?
-50237
In base 6, what is 0 + -1150013?
-1150013
In base 13, what is -b2 - -63?
-4c
In base 15, what is 1b03 - -2?
1b05
In base 13, what is 5 + 8560?
8565
In base 15, what is -35d7 - -49?
-358d
In base 8, what is 5 - 26735?
-26730
In base 3, what is -21 + -100102011?
-100102102
In base 14, what is -15 - -1196?
1181
In base 7, what is 605515 - -4?
605522
In base 12, what is 3 + 298a4?
298a7
In base 2, what is -101 + -101101011011?
-101101100000
In base 10, what is -3754 - -7?
-3747
In base 10, what is -81 - 381?
-462
In base 14, what is 3 + -638?
-635
In base 11, what is 71aa9 + 1?
71aaa
In base 10, what is 1654 - 5?
1649
In base 7, what is -22 + -25565?
-25620
In base 12, what is 0 + -16a160?
-16a160
In base 10, what is -45303 - 7?
-45310
In base 5, what is -242 + -1001?
-1243
In base 3, what is 1021 + -10111010100?
-10111002002
In base 6, what is 241 - -15?
300
In base 11, what is -9605 - 14?
-9619
In base 4, what is 11 + 22110021?
22110032
In base 4, what is -1300202130 - -10?
-1300202120
In base 7, what is 36 - 1303?
-1234
In base 9, what is -32 - -52475?
52443
In base 13, what is -18a - 17?
-1a4
In base 14, what is -5 + 4a33?
4a2c
In base 2, what is 10011010001 + -110110?
10010011011
In base 9, what is 16633 - -5?
16638
In base 3, what is 1012102002 + 10211?
1012112220
In base 2, what is 11110101011110 + 101?
11110101100011
In base 8, what is 143 - -17316?
17461
In base 7, what is -51 - -3125?
3044
In base 3, what is 1112101 + -1010?
1111021
In base 16, what is -4 - -4b84d?
4b849
In base 11, what is -59 - -289aa?
28951
In base 12, what is aa7 + 222?
1109
In base 6, what is 5 + -2505541?
-2505532
In base 5, what is 101 + 221?
322
In base 11, what is 29 - -14932?
14960
In base 9, what is 324110 + 4?
324114
In base 12, what is -282212 + 0?
-282212
In base 16, what is 1701e - 2?
1701c
In base 9, what is -14 + -42404?
-42418
In base 2, what is 10101100 - -1111010?
100100110
In base 5, what is 2 - -22440303?
22440310
In base 6, what is 2153221 - -1?
2153222
In base 4, what is -120121 - 3131?
-123312
In base 8, what is -214 + 632?
416
In base 16, what is -5 - -45a27?
45a22
In base 3, what is 12 - -2201102020?
2201102102
In base 13, what is 116 + 12?
128
In base 12, what is 2 - 123a6?
-123a4
In base 9, what is -4 - -444087?
444083
In base 5, what is -1 + 423444?
423443
In base 6, what is -53154 - -21?
-53133
In base 11, what is -148 + -2353?
-24a0
In base 12, what is 1a741 + 1?
1a742
In base 8, what is 5 - 57144?
-57137
In base 12, what is 519 - 15a7?
-108a
In base 6, what is 3 - 542322?
-542315
In base 11, what is 4108 - -3?
4110
In base 7, what is -136426 - 1?
-136430
In base 13, what is 862b + -18?
8613
In base 16, what is 294 - 68e?
-3fa
In base 15, what is 79 + 266?
2e0
In base 14, what is d1 - -7b1?
8a2
In base 9, what is -821472 - -5?
-821466
In base 3, what is 11 + -2211101012?
-2211101001
In base 6, what is 5 + 21304?
21313
In base 13, what is -c197 + -c?
-c1a6
In base 9, what is 13 - -1683?
1706
In base 9, what is 5 + 881650?
881655
In base 5, what is 332300 + -1030?
331220
In base 6, what is 11 + 41343?
41354
In base 7, what is -12 + 543446?
543434
In base 16, what is -cdf + -36?
-d15
In base 9, what is 2 + -1631476?
-1631474
In base 2, what is 100010 + 100010100111000?
100010101011010
In base 13, what is -25 + -101?
-126
In base 6, what is -41 + -34001?
-34042
In base 2, what is 1011100101000001 + 0?
1011100101000001
In base 3, what is 10 + 1000101200202?
1000101200212
In base 3, what is 11 + 12100220020?
12100220101
In base 15, what is 2 + 2bad?
2bb0
In base 11, what is 13a805 - 5?
13a800
In base 12, what is 0 - b7a0?
-b7a0
In base 12, what is -409 + -84?
-491
In base 14, what is -30 + 1840?
1810
In base 3, what is 11 - -22112020220?
22112021001
In base 2, what is 1000010001000101110 - 10?
1000010001000101100
In base 3, what is -20102202 + 221?
-20101211
In base 6, what is -4 + 220310?
220302
In base 6, what is -24 - -34105?
34041
In base 3, what is -200122012 - -10?
-200122002
In base 3, what is 1220220 - -11?
1221001
In base 4, what is 2 - 111021230?
-111021222
In base 8, what is -6707 - -13?
-6674
In base 14, what is 494d - -4b?
499a
In base 2, what is 0 + -101011011100111?
-101011011100111
In base 7, what is -360024 + 2?
-360022
In base 9, what is 21383 - -26?
21420
In base 2, what is -101011011 + 1101?
-101001110
In base 12, what is -1426a - 1?
-1426b
In base 15, what is -d8d0 + -3?
-d8d3
In base 5, what is -2 + -124212?
-124214
In base 16, what is 3 - -e972?
e975
In base 11, what is -113 + -6179?
-6291
In base 13, what is 562 + -8?
557
In base 13, what is -43a - 34?
-471
In base 4, what is -30 + -20020?
-20110
In base 2, what is -1011101101 - -1101010111101?
1011111010000
In base 15, what is -4 + b20?
b1b
In base 9, what is 4 + 67231?
67235
In base 6, what is -1153512 + 4?
-1153504
In base 4, what is 0 + 21202231?
21202231
In base 15, what is 2d17a4 - -4?
2d17a8
In base 15, what is 2 - bb103?
-bb101
In base 12, what is 169 + -230?
-83
In base 16, what is -4 + -177bc?
-177c0
In base 14, what is -b544 - -3d?
-b505
In base 8, what is -105527 - -35?
-105472
In base 8, what is 14 - 1014253?
-1014237
In base 13, what is 12952 - -19?
1296b
In base 2, what is 1 - 1010110000010000?
-1010110000001111
In base 4, what is 230002102 + 11?
230002113
In base 9, what is -5 + -1223224?
-1223230
In base 15, what is -11be0 - 6?
-11be6
In base 7, what is -66 - -325156?
325060
In base 6, what is 124404512 - 2?
124404510
In base 15, what is 396d - 4?
3969
In base 2, what is -10100101100111 - 10?
-10100101101001
In base 3, what is -1 + -12200201001?
-12200201002
In base 14, what is 4 - 23a06?
-23a02
In base 15, what is -e - -45d?
44e
In base 3, what is -10022101021 - 10?
-10022101101
In base 7, what is -100 + -100631?
-101031
In base 6, what is -144354 + -1205?
-150003
In base 13, what is -b06a - -c?
-b05b
In base 12, what is 116 + -366?
-250
In base 13, what is -11 + -1b042?
-1b053
In base 14, what is 1c - -b72?
b90
In base 12, what is -1 + -5492?
-5493
In base 6, what is 14 - -1542?
2000
In base 4, what is -3200 + -202?
-10002
In base 5, what is -203 - 10404?
-11112
In base 8, what is 630 - -1130?
1760
In base 3, what is -2 - -210210101012?
210210101010
In base 2, what is -100 + -101101011011010000?
-101101011011010100
In base 8, what is -441 + 7724?
7263
In base 3, what is -12012120 + -122?
-12020012
In base 12, what is 1227 + -20?
1207
In base 8, what is -2 + -70753?
-70755
In base 8, what is -41351 + -4?
-41355
In base 13, what is 5c66 - 0?
5c66
In base 11, what is 4a0 + -40a?
91
In base 2, what is 10011001000010000000 + -11?
10011001000001111101
In base 4, what is 0 + -13311111?
-13311111
In base 12, what is -474 + -844?
-10b8
In base 3, what is -221121022 - -10?
-221121012
In base 8, what is -260 - -110?
-150
In base 5, what is 11 + -122323?
-122312
In base 15, what is -20a1 - 7?
-20a8
In base 12, what is -756b00 + -2?
-756b02
In base 16, what is -5 - 49994?
-49999
In base 7, what is -22146502 + 5?
-22146464
In base 14, what is -1281 + 274?
-100b
In base 5, what is -3 - -103441?
103433
In base 6, what is -200 + -23543?
-24143
In base 7, what is 30 - -10253?
10313
In base 10, what is 569 + -202?
367
In base 11, what is 18a + -4294?
-4105
In base 10, what is 364 + -343?
21
In base 15, what is 282db 